
Suppose -16 = -4*m + 72. What are the prime factors of m?
2, 11
Let j(a) = a**3 + 10*a**2 + 9*a - 5. Let b be j(-9). Let r = b - -5. List the prime factors of r + 7 - (-3 - -1).
3
Let i = 13 - 8. List the prime factors of (0 - 5)*(-12)/i.
2, 3
Let k(s) = s**3 + 15*s**2 + 17*s - 9. What are the prime factors of k(-13)?
2, 3
Let r(u) = 116*u**2 + 4*u + 2. List the prime factors of r(-1).
2, 3, 19
Suppose 7*v - 10 = 2*v. Suppose -3*c = -4*f - 100, 0*f = -3*c + v*f + 110. Suppose 0*x - x - 4*i - 17 = 0, 5*x - c = 5*i. List the prime factors of x.
3
Suppose 4*b = 4*q + 4, -3*q = 2*q - b - 15. Suppose q*x = -x + 25. What are the prime factors of x?
5
Suppose 3*n = 2*n. Suppose n = 4*k + k - 50. What are the prime factors of k?
2, 5
Let p(m) = m**2 - 2. What are the prime factors of p(3)?
7
List the prime factors of -1 + 17/(-3 - 80/(-26)).
2, 5, 11
Let c be -1 - -5 - 0 - 2. Suppose -c*m + 10 + 6 = 0. List the prime factors of m.
2
Let s(u) = u**2 - 10*u + 25. What are the prime factors of s(11)?
2, 3
Let a(t) = 2*t**3 - 6*t**2 - 6*t + 7. Let y(n) = -3*n**3 + 6*n**2 + 7*n - 8. Let b(c) = -4*a(c) - 3*y(c). What are the prime factors of b(-4)?
2
Let r = 0 + 1. Let y be (-39)/3 - r*-2. Let q = -1 - y. List the prime factors of q.
2, 5
Suppose 4*c - 623 = 4*r - 3*r, 3 = 3*r. List the prime factors of c.
2, 3, 13
Let i = -47 + 89. What are the prime factors of i?
2, 3, 7
Let w = -12 + 24. Let g = -7 + w. What are the prime factors of g?
5
Let f(t) = -t**2 + 2*t + 5. Let u be f(4). Let i(x) = -5*x - 3*x**2 - 4*x + 7*x**3 + 5*x - 8*x**3. What are the prime factors of i(u)?
2, 3
Let v(k) = 8*k**2 - 3*k - 10. What are the prime factors of v(-3)?
71
Let a = 5 + -2. Suppose 2*n - 11 = q, 5*q + 18 = 3*n + 3*q. Suppose -3*d + 24 = -4*c, -2*d = -n*c + a*c - 21. List the prime factors of d.
2, 3
Let j(v) = -v**3 - 4*v**2 + 8*v + 3. Let r be j(-6). Suppose 2*m + 5*x - r = 2*x, -29 = -2*m - 5*x. What are the prime factors of m?
2, 3
Let b = -6 - -6. Suppose -z + 16 = -2*m, b*m + m = z - 20. Suppose 0 = 2*q + 3*q + 4*s - 4, -z = -2*q + 4*s. What are the prime factors of q?
2
Let i(r) = r**3 - 6*r**2 - r + 2. Let v be i(7). Suppose 5*u - f - 213 = 2*f, 2*f = u - v. What are the prime factors of u?
2, 3, 7
Let q(s) = s + 4. Let j(m) = 4*m + 15. Let x(b) = -2*j(b) + 9*q(b). Let a be x(-3). Suppose -4 = -a*t + 8. List the prime factors of t.
2
Let b be (2 - 3) + 4 + 1. Let r(n) = n + 3. What are the prime factors of r(b)?
7
Suppose -4*k - k = 3*d + 40, d = 5*k + 20. Let i = d + 11. Suppose 2*c + i*o = 2*o + 10, 3*c = -o + 25. List the prime factors of c.
3
Let n(q) = -q**2 + 7*q - 6. Let l be n(6). Let d = -19 - -28. Suppose l = 4*m - d + 1. List the prime factors of m.
2
Suppose 2*k + f = 5*k - 476, -5*k - 3*f + 784 = 0. What are the prime factors of k?
2, 79
Let j(n) = -n**2 + 6*n + 3. Let z be j(6). Suppose 0 = -0*r + 4*r - z*a + 337, 2*a = -2. What are the prime factors of 6/8 - r/4?
2, 11
Let t = -9 + 5. Let d = t + 9. Suppose 4*j - 52 = 4*v, 26 = d*j + 3*v + 1. List the prime factors of j.
2
Let p = -5 + 7. Suppose -4*i + 43 = z, -i = -p*z - 0 - 4. List the prime factors of i.
2, 5
Let w = 15 + -11. Suppose w*g + 46 = 3*j, -3*j + g = -4*g - 47. What are the prime factors of j?
2, 7
Suppose 2*o - 3*o + 45 = 0. Let i = -1 + o. Let x = -31 + i. List the prime factors of x.
13
Suppose 0 = 2*k, -3*y - 2*y + k = -130. What are the prime factors of y?
2, 13
Let r = 242 + -76. What are the prime factors of r?
2, 83
Suppose 5*l - 5*i - 170 = 0, -2*l + 0*i = -4*i - 64. List the prime factors of l.
2, 3
Let u = -119 - -56. Let v be (u/(-6))/(9/12). Suppose -v = -x - 0. List the prime factors of x.
2, 7
Let j be 2/(-4) + 14/4. Suppose q - 7 = -j*r + 3, 3*r = -4*q + 58. What are the prime factors of q?
2
List the prime factors of 3/(-18) - 457/(-6).
2, 19
Suppose -2 + 14 = 4*o. Let h be (3 - 0) + 0 - -5. Suppose -4*l - 28 = -4*g + h, -4*g + 34 = -o*l. List the prime factors of g.
7
Suppose 8 - 16 = -4*t. Suppose 0*y = -t*y + 74. List the prime factors of y.
37
Let n = 89 - 62. List the prime factors of n.
3
Let a be 18/(-9) + -23*1. Let p = a + 47. What are the prime factors of p?
2, 11
Let a(u) = -254*u + 5. List the prime factors of a(-1).
7, 37
What are the prime factors of ((-455)/10)/(-7)*6?
3, 13
Let x(h) = -3*h - 4. List the prime factors of x(-2).
2
Suppose -5*m = 17 - 67. What are the prime factors of (-33)/(-2)*m/15?
11
Let u be (2/1 - 3) + 4. Suppose u*v = 4*o + 7, -21 = -4*v - v + 2*o. Suppose b - 6 - v = 0. What are the prime factors of b?
11
Let w(u) = u**3 - 2*u - 2 + 1 - 2*u**3. Let q be w(-1). Suppose 0 = 4*f + q*y - 42, -5*f = 2*y + 1 - 53. List the prime factors of f.
2, 5
Let w(u) = -u - 8. Let a be w(-9). What are the prime factors of 46/4 - a/2?
11
Let k = -29 + 11. What are the prime factors of (-2360)/(-72) - 4/k?
3, 11
What are the prime factors of (-5 - -4) + 40/2?
19
Let y(k) be the second derivative of k**4/12 - 4*k**3/3 - 7*k**2/2 + 3*k. Suppose -9 = -4*n + 27. List the prime factors of y(n).
2
Suppose -2*l = -6*l + 8. Suppose -l*r = -5*r + 33. List the prime factors of r.
11
Let a be 1/(-5) - (-168)/(-35). Let s = a + 7. Suppose -w + s = 2*r, -5*w + 4*r + 50 + 16 = 0. What are the prime factors of w?
2, 5
Let t(b) = 14*b**3 + b**2 - b. Let v be t(1). List the prime factors of v/8 + (-9)/(-36).
2
Let t(i) = i + 7. Let l(n) = 3*n + 4. Let k be l(-3). List the prime factors of t(k).
2
List the prime factors of ((-31)/(-2))/(4/56).
7, 31
Suppose 5*z + 0*z = -50. What are the prime factors of (-2)/(-4) - 155/z?
2
Let z(k) be the third derivative of k**5/60 - k**4/6 + 5*k**3/6 - 3*k**2. List the prime factors of z(5).
2, 5
Let f be (112/(-24) - -4)*3*1. Let a(j) = -2*j**3. Let z be a(1). List the prime factors of 15 + -2 + z/f.
2, 7
Suppose 0 = -3*j + 24 + 48. What are the prime factors of j?
2, 3
Suppose -4*b = -3*o - 728, o - 364 = 3*b - 5*b. List the prime factors of b.
2, 7, 13
Suppose -c + 14 = 2*q + 3*c, 2*q = 5*c - 4. What are the prime factors of q?
3
Let w(m) = m**3 - 2*m**2 - m. Let j be w(3). Let v(i) = 2*i + i + i + 1 - j*i. List the prime factors of v(-6).
13
Let p = 0 + -5. Let g = p + 10. Suppose -g*i + 7 = -4*i. What are the prime factors of i?
7
Let d(h) = -60*h - 11. List the prime factors of d(-2).
109
Suppose 2*y - 182 = 4*k, 0 = -4*y + 2*k + 2*k + 356. Suppose -y = -3*o + 30. What are the prime factors of o?
3, 13
Let f(r) = -6*r - 2. List the prime factors of f(-6).
2, 17
Let y(f) = -f**3 - 3*f**2 + 2*f + 1. Let t be y(-3). What are the prime factors of 33 + (-6)/15*t?
5, 7
Suppose q = 5 - 0. Suppose -4*a + 5*z + 22 = 0, q*z = -4*a + 2*z + 38. List the prime factors of a.
2
Let k(m) = 7*m**2 + m**2 + m**3 + 2 + 8*m + 4. Let t be k(-7). What are the prime factors of t*4/((-8)/14)?
7
List the prime factors of (2 + (-27)/6)*212/(-10).
53
Let c = 33 + -27. What are the prime factors of c?
2, 3
What are the prime factors of (-1)/((-52)/(-18) + -3)?
3
List the prime factors of 1/1 + (-5 - -8).
2
Let k be (-9)/15 - (-12)/20. Suppose 4*b - 127 = -5*w, -5*w + 4*b + 6 + 97 = k. List the prime factors of w.
23
Let f be (-6)/4*30/(-9). Suppose 0 = -0*t - f*t + 20. List the prime factors of t.
2
Let h = -7 - 4. Let k = 20 + h. List the prime factors of k.
3
Suppose d = k - 15, 2*d + 2*k - 10 + 36 = 0. Let c = 9 + d. Let q(g) = -2*g + 2. List the prime factors of q(c).
2, 3
Let n(m) = -13*m**3 + m. Let f be n(-1). Suppose 3*u + 0*u = f. List the prime factors of u.
2
Suppose -114 = 4*s - 546. What are the prime factors of s?
2, 3
Let a = -24 - -43. Suppose 5*h + a = 94. What are the prime factors of h?
3, 5
Suppose 3*g = -5*a + 14, 5*g + 6 = 2*a - 3*a. Suppose a*j - 70 = -j. Suppose j + 1 = 5*k. What are the prime factors of k?
3
Let k = 74 + -40. List the prime factors of k.
2, 17
Let s(h) = h**3 - 5*h**2 + 6*h - 1. Suppose 0 = 2*r + 2, -2*k - 3*r = 3*k - 17. List the prime factors of s(k).
7
Let d be 2/(-5) + (-144)/15. Let r be 5*((-18)/d - -1). Let t = -9 + r. What are the prime factors of t?
5
Suppose 0 = c + 10 - 89. List the prime factors of c.
79
Let k(l) = l + 6. Let b be k(-10). Suppose -74 - 11 = -5*x. Let j = b + x. List the prime factors of j.
13
Let p(f) = 6*f**2 + 2*f + 28. List the prime factors of p(-8).
2, 3, 11
Let g = 2 +